est common divisor of q and 25868?
116
Suppose 0 = -94*z + 143*z - 7448. Calculate the highest common divisor of z and 7372.
76
Let y(m) = 12*m + 135. Let b be y(-11). Let s(k) = k**3 + 6*k**2 - 10*k + 8. Let l be s(b). Calculate the highest common divisor of l and 649.
59
Suppose 14455 = -60*p + 629755. Calculate the highest common factor of p and 35.
35
Suppose 4*l = 23 - 27, 2*k - 20560 = -2*l. What is the greatest common factor of 69 and k?
69
Suppose 5*t = -b + 2 + 11, 5*b - 15 = 0. Let j be (-2)/(t/10*10/(-76)). Let r = 64 + j. Calculate the greatest common divisor of r and 20.
20
Let g be (-7 - -31)*2/4. Suppose 0 = -g*d + 1494 + 690. What is the highest common factor of d and 78?
26
Suppose -4*w - 7*w + 84 = 3*w. Let j = 3 + 3. Let f be ((-4)/j)/((-2)/90). What is the greatest common factor of w and f?
6
Suppose -d - 5*s = -176 + 5, 0 = -5*d + 3*s + 743. Let a = d + -126. Calculate the highest common factor of a and 100.
25
Let r(o) be the second derivative of 5*o**3/6 - 95*o**2/2 - 34*o. Let v be r(22). Suppose 0 = -s + 29 + 31. Calculate the highest common factor of v and s.
15
Suppose 9*m = -3*m + 27*m - 21450. Calculate the greatest common divisor of 190 and m.
10
Let p = 99 + -163. Let a = p + 70. What is the highest common divisor of 186 and a?
6
Suppose 0 = 2*c - 0*c - 2*r + 6, -5*c - 11 = -4*r. Suppose -c = 5*m + 19. Let x = m - -7. What is the highest common factor of x and 15?
3
Let b = -144 - -299. Calculate the greatest common factor of 744 and b.
31
Suppose 0 = -4*k + 8*k. Suppose 2*q - 16 - 84 = k. Suppose -3*o + 10 = -q. Calculate the greatest common factor of 10 and o.
10
Let a = -618 - -1692. Calculate the highest common factor of 6 and a.
6
Let s(i) = 88*i + 1146. Let u be s(-13). Calculate the greatest common divisor of u and 186.
2
Let l(y) = 5*y**2 + 6*y + 5. Let v be l(-2). Let f(d) = -21*d - 383. Let t be f(-43). What is the greatest common factor of t and v?
13
Let c = -25 - -31. Suppose -8*k + c = -186. What is the greatest common factor of k and 6?
6
Let x be ((-17)/(-34))/(((-10)/(-4))/(-5)). Let y be x*15/10*-6. What is the greatest common factor of y and 234?
9
Suppose 4*l - 110 = j, -5*j = -4*l + 96 + 22. Suppose 8*v + 144 = -16*v. Let p = v - -249. Calculate the highest common factor of l and p.
27
Let p be (-12)/(-21) + 460/28. Let n = 3 + p. Suppose -10*s = -n*s + 20. What is the highest common divisor of 1 and s?
1
Let d(m) = -6*m - 385*m**3 - 6 + 300*m**3 + 3*m**2 - 4*m**2. Let o be d(-1). Calculate the greatest common factor of o and 42.
42
Suppose 4*t + 95 = -c + t, 2*t = -4*c - 410. Let f = c + 56. Let o be (4/8)/((-2)/f*2). Calculate the greatest common divisor of 30 and o.
6
Let x = 26763 + -24696. Calculate the greatest common divisor of 78 and x.
39
Suppose -822*d + 827*d = 3*h - 2673, 0 = -4*h + 5*d + 3564. Calculate the greatest common factor of h and 972.
81
Suppose -5*f = v - 4*f - 377, v + 5*f = 381. What is the highest common divisor of 846 and v?
94
Let j be 16*(3324/(-912) + 13 - (-4)/(-38)). What is the highest common divisor of 1110 and j?
74
Suppose 104 = 12*f + f. Let i be 10/(-4)*(-23)/((-1380)/(-336)). Calculate the highest common factor of f and i.
2
Suppose 2*r - 2*q = 3388, 2*r - 3283 = -2*q + 97. What is the highest common divisor of 470 and r?
94
Let z(b) = 25*b - 43. Let x be z(9). Suppose -12*q + 33 = d - 8*q, 3*d + q - 44 = 0. What is the highest common divisor of d and x?
13
Let r = 245 - 225. Suppose r*f + 20 = 21*f. Calculate the highest common factor of 32 and f.
4
Suppose -263 = -4*z - 3*m, z + 4*m - 264 = -3*z. Suppose -130 = -3*x + 3*h + 62, 274 = 4*x + 2*h. Let l = x - z. What is the highest common divisor of l and 1?
1
Suppose -12 = 4*n - 0*n. Let p(h) be the first derivative of -3*h**4 - h**3 + 309. Let z be p(n). Calculate the highest common divisor of 33 and z.
33
Let y(m) = 18*m + 1030. Let f be y(-57). Calculate the highest common divisor of f and 12436.
4
Suppose 1328 = 12*g - 832. Suppose -20*k = -17*k - g. What is the highest common factor of k and 540?
60
Let n be (18 + (-48)/6)*(-21)/(-5). Suppose 0*g = -2*g - 48. Let i be g/(-1 + -1) - -2. Calculate the highest common divisor of n and i.
14
Let m = -4338 - -4547. What is the greatest common factor of 1273 and m?
19
Let f(k) = -k**2 + 40*k - 129. Let v be f(13). Let y = 482 - v. Calculate the highest common factor of y and 20.
20
Suppose 2*q = b + 12132, 4*q - 125*b + 121*b - 24264 = 0. Calculate the greatest common factor of q and 9.
9
Let w be (-3)/(27/(-99))*(5 + -1). Suppose 2*d - 7 = -1. Suppose -1317 = -3*a + d*v, 0 = 5*a - 3*v - 1341 - 856. What is the highest common factor of w and a?
44
Let x(g) = g**3 - 12*g**2 + g - 14. Let o be x(12). Let a be 1368/28 + o/(-14). Calculate the greatest common divisor of a and 21.
7
Let a(d) = 25*d + 639. Let g be a(-23). Calculate the greatest common divisor of g and 68.
4
Let j be (-34 - 12)/((-2)/(-36)*-2). Let q = 458 - j. What is the greatest common divisor of q and 88?
44
Suppose -100*d + 50*d + 1800 = 0. Let x = 80 + 10. What is the greatest common factor of d and x?
18
Let b be 1555 - 63/(-3)*(-5 - 154/(-33)). Calculate the highest common divisor of b and 396.
36
Let l be 3*(-5)/45*3. Let n be -2 - (3 - -6)/l. Calculate the greatest common divisor of 35 and n.
7
Let a be 5/1 - 444/(-42) - 78/(-182). Calculate the highest common divisor of 54512 and a.
16
Let j(w) = -2*w**3 - 9*w**2 + 18*w + 33. Let r be j(-6). Suppose -22*t + r = -33. What is the greatest common divisor of t and 201?
3
Suppose 8212 = 24*v - 1556. Let y = -342 + 416. Calculate the highest common factor of v and y.
37
Let i(b) = 8 + 19*b**2 + 7*b**2 - b**3 - 5*b - 7*b**2 - 13*b. Let w be i(18). Let k = 87 - 55. Calculate the highest common factor of w and k.
8
Suppose -6*o - 4*r = -3*o - 28, 0 = -o + r + 21. Suppose -o = 3*h + 5*h. Let x be (-2 - -8) + h + 5. What is the greatest common divisor of 3 and x?
3
Let i be 1*45 + (-91)/(1001/(-66)). Calculate the highest common factor of 81 and i.
3
Let s be 105/33 + (-4)/22. Suppose 5*v - r + 0*r = 4, 2*v - 12 = s*r. Suppose -2*z + 300 = f + 7, v = -f + 3. What is the greatest common divisor of 29 and z?
29
Let z = 549 + 326. Calculate the greatest common divisor of z and 70.
35
Suppose 2*f - q = 67 + 30, -3*f + 3*q + 138 = 0. Suppose 3*o - 12 = -0*o. Let m be 2/o + (f/2 - -3). Calculate the greatest common factor of 29 and m.
29
Let c = 8353 + -3721. Calculate the highest common factor of c and 8.
8
Suppose 0 = -f - f + 4*q + 138, -3*q = -5*f + 317. Calculate the highest common divisor of 4148 and f.
61
Let m(x) = 82*x**2 + x - 4. Let s be m(-3). Let v = 170697 - 170654. Calculate the highest common divisor of s and v.
43
Suppose 12*x + x = -530 + 2324. What is the greatest common divisor of x and 92?
46
Suppose 0 = s + 5*s - 12. Let g be (-3)/(18/15)*(-1 - 1). Suppose s*q - 35 = -2*z - q, g*z - 78 = 2*q. What is the greatest common divisor of z and 80?
16
Suppose -47*k = -85531 - 23133. Calculate the highest common divisor of k and 72.
8
Let t be -28 + -6 + 3 + 2 + -2. Let b = 30 + t. Let x be 2/(-13) + (b - 7704/(-52)). What is the highest common factor of x and 21?
21
Let k be ((-1)/(-3) - 1870/(-1275))*(-15)/(-3). Calculate the greatest common factor of 57 and k.
3
Let k = 1930 + -1234. Let m(y) = -y**2 + 3*y + 19. Let q be m(8). Let z be k/56 - (-9)/q. Calculate the greatest common divisor of 36 and z.
12
Let h = 105 + -1. Let u be 0 + (1 - -2) + 2. Let s be 2*8 + -1 + (3 - u). Calculate the greatest common factor of s and h.
13
Let y = 9925 + -9914. What is the greatest common factor of 737 and y?
11
Let k = 5794 + 1649. Calculate the highest common factor of k and 9.
9
Let q(g) = -39*g + 14. Let n(k) = -79*k + 30. Let x(i) = 3*n(i) - 7*q(i). Let f be x(3). What is the highest common divisor of 10 and f?
10
Let l(v) = -2*v**3 - 25*v**2 + 18*v + 367. Let a be l(-12). What is the greatest common divisor of 3101 and a?
7
Suppose 14*v + 10 = 19*v, 5*y - 737 = -v. What is the highest common divisor of 4683 and y?
21
Let l be 2/(-3) + 11/3. Suppose 0 = -i + l*i + 3*p - 49, -5*p + 120 = 5*i. Let x = -206074 + 206120. What is the highest common divisor of i and x?
23
Suppose -3*k + 5 = 2*l, 53*k + 3*l - 145 = 21*k. Suppose 62 - 17 = o. Cal